remainder when 438127615 is divided by 14658?
14653
Calculate the remainder when 36458 is divided by 1070.
78
What is the remainder when 947686 is divided by 26297?
994
What is the remainder when 4209262 is divided by 16?
14
What is the remainder when 21043327 is divided by 5669?
5668
Calculate the remainder when 74444155 is divided by 22.
5
Calculate the remainder when 3491835 is divided by 60204.
3
What is the remainder when 1496974 is divided by 374241?
10
Calculate the remainder when 51924603 is divided by 136285.
18
What is the remainder when 332977 is divided by 67?
54
Calculate the remainder when 5990369 is divided by 832.
801
Calculate the remainder when 8844 is divided by 2920.
84
Calculate the remainder when 7387221 is divided by 129.
36
What is the remainder when 256002 is divided by 127770?
462
What is the remainder when 4453317 is divided by 1770?
1767
What is the remainder when 1966864714 is divided by 566?
564
What is the remainder when 602445 is divided by 19?
12
What is the remainder when 15354153 is divided by 295?
288
What is the remainder when 123411702 is divided by 884?
882
What is the remainder when 258883 is divided by 895?
228
Calculate the remainder when 15008478 is divided by 1747.
1
Calculate the remainder when 29838 is divided by 3312.
30
Calculate the remainder when 113671 is divided by 113541.
130
What is the remainder when 57805038 is divided by 84?
18
What is the remainder when 824771 is divided by 10306?
291
Calculate the remainder when 1716382 is divided by 7830.
1612
What is the remainder when 112775 is divided by 2922?
1739
Calculate the remainder when 4003901 is divided by 356.
325
Calculate the remainder when 17970 is divided by 15994.
1976
What is the remainder when 86273020 is divided by 2739?
2737
Calculate the remainder when 19034 is divided by 1560.
314
Calculate the remainder when 37675 is divided by 2864.
443
Calculate the remainder when 1593237 is divided by 3255.
1542
What is the remainder when 5991 is divided by 1455?
171
Calculate the remainder when 136000 is divided by 3472.
592
Calculate the remainder when 2045003 is divided by 133.
128
What is the remainder when 197061 is divided by 5897?
2460
What is the remainder when 1798910 is divided by 3407?
14
What is the remainder when 11366 is divided by 5113?
1140
Calculate the remainder when 1190085117 is divided by 144.
141
Calculate the remainder when 11618476 is divided by 561.
166
What is the remainder when 357612 is divided by 2?
0
Calculate the remainder when 201244 is divided by 24.
4
Calculate the remainder when 15382487 is divided by 4375.
4362
Calculate the remainder when 24277177 is divided by 2766.
2761
What is the remainder when 2614617 is divided by 1307165?
287
What is the remainder when 17701 is divided by 4218?
829
Calculate the remainder when 14785900 is divided by 2772.
52
Calculate the remainder when 319730 is divided by 12797.
12602
What is the remainder when 8766438 is divided by 2421?
2418
What is the remainder when 46946 is divided by 494?
16
What is the remainder when 15952635 is divided by 1393?
1392
What is the remainder when 1053057 is divided by 218?
117
Calculate the remainder when 84217 is divided by 83948.
269
What is the remainder when 504979120 is divided by 1681?
1677
What is the remainder when 58836288 is divided by 4151?
14
Calculate the remainder when 38949033 is divided by 2782073.
11
Calculate the remainder when 27390285 is divided by 1637.
1
Calculate the remainder when 12494120 is divided by 657585.
5
Calculate the remainder when 355092 is divided by 517.
430
Calculate the remainder when 4722594 is divided by 2806.
96
What is the remainder when 96805702 is divided by 5?
2
What is the remainder when 153985727 is divided by 32?
31
What is the remainder when 11041783 is divided by 5775?
5758
Calculate the remainder when 7683107 is divided by 90389.
42
Calculate the remainder when 2091205 is divided by 348528.
37
Calculate the remainder when 535365 is divided by 10101.
12
What is the remainder when 1886038 is divided by 3499?
77
Calculate the remainder when 51474 is divided by 2584.
2378
Calculate the remainder when 22265229 is divided by 24.
21
Calculate the remainder when 6390605 is divided by 3568.
317
What is the remainder when 14902 is divided by 1834?
230
Calculate the remainder when 19760 is divided by 9639.
482
Calculate the remainder when 49912 is divided by 1386.
16
What is the remainder when 4107505 is divided by 821497?
20
What is the remainder when 80874 is divided by 8947?
351
Calculate the remainder when 155663 is divided by 5367.
20
Calculate the remainder when 5262633 is divided by 309564.
45
What is the remainder when 10799934 is divided by 4764?
4710
What is the remainder when 1716885 is divided by 35?
30
Calculate the remainder when 2369772 is divided by 8257.
13
What is the remainder when 208379 is divided by 409?
198
What is the remainder when 826917 is divided by 68908?
21
What is the remainder when 156710 is divided by 2701?
52
What is the remainder when 624320 is divided by 11993?
684
Calculate the remainder when 2427046 is divided by 303376.
38
What is the remainder when 2610425 is divided by 2610417?
8
What is the remainder when 3959557379 is divided by 180?
179
Calculate the remainder when 9555801 is divided by 20506.
5
Calculate the remainder when 515007 is divided by 459.
9
Calculate the remainder when 550888 is divided by 109.
2
Calculate the remainder when 29735 is divided by 642.
203
What is the remainder when 142841 is divided by 7142?
1
What is the remainder when 4337935 is divided by 7664?
111
Calculate the remainder when 1281852 is divided by 545.
12
Calculate the remainder when 179190 is divided by 2327.
11
What is the remainder when 39861 is divided by 39854?
7
What is the remainder when 15434017 is divided by 634?
555
What is the remainder when 68182229 is divided by 1082?
1081
Calculate the remainder when 4068077856 is divided by 113.
112
Calculate the remainder when 1804 is divided by 1050.
754
What is the remainder when 93136 is divided by 18442?
926
Calculate the remainder when 905977 is divided by 145.
17
Calculate the remainder when 320541 is divided by 64068.
201
What is the remainder when 59126 is divided by 2468?
2362
What is the remainder when 2536979 is divided by 3410?
3349
What is the remainder when 279163 is divided by 74?
35
Calculate the remainder when 20016 is divided by 4709.
1180
What is the remainder when 1267898 is divided by 215?
43
What is the remainder when 27735276 is divided by 281?
14
What is the remainder when 3701347 is divided by 13?
0
What is the remainder when 5704190 is divided by 832?
830
Calculate the remainder when 107613 is divided by 48.
45
What is the remainder when 79616 is divided by 39379?
858
Calculate the remainder when 16132742 is divided by 807.
5
What is the remainder when 1185449 is divided by 592723?
3
Calculate the remainder when 618556 is divided by 5891.
1
Calculate the remainder when 139591623 is divided by 501.
498
What is the remainder when 603097 is divided by 778?
147
What is the remainder when 1193564 is divided by 1479?
11
Calculate the remainder when 14048873 is divided by 15.
8
Calculate the remainder when 1367957 is divided by 1293.
1256
What is the remainder when 2831577 is divided by 3035?
2957
What is the remainder when 274103187 is divided by 414?
411
What is the remainder when 777332 is divided by 77?
17
What is the remainder when 25661423 is divided by 346?
333
What is the remainder when 60238 is divided by 521?
323
What is the remainder when 88451389 is divided by 58?
55
Calculate the remainder when 44443783 is divided by 54.
1
Calculate the remainder when 1914648 is divided by 12.
0
What is the remainder when 896858 is divided by 920?
778
Calculate the remainder when 7472375 is divided by 19.
17
Calculate the remainder when 10851 is divided by 2873.
2232
Calculate the remainder when 136630838 is divided by 219.
23
What is the remainder when 350143 is divided by 38582?
2905
What is the remainder when 2115915 is divided by 372?
351
What is the remainder when 2610407 is divided by 475?
282
Calculate the remainder when 15786931 is divided by 57407.
6
Calculate the remainder when 14325 is divided by 27